{"id":20,"date":"2025-10-20T08:38:56","date_gmt":"2025-10-20T08:38:56","guid":{"rendered":"https:\/\/shinepilatesstudio.com.tr\/?page_id=15"},"modified":"2025-10-31T06:42:52","modified_gmt":"2025-10-31T06:42:52","slug":"hakkimizda","status":"publish","type":"page","link":"http:\/\/www.yedekleme.site\/btev\/hakkimizda\/","title":{"rendered":"HAKKIMIZDA"},"content":{"rendered":"<section class=\"l-section wpb_row height_small with_shape\" id=\"section-16\"><div class=\"l-section-shape type_custom pos_bottom\" style=\"height:50%;color:var(--color-content-bg-alt)\"><svg xmlns=\"http:\/\/www.w3.org\/2000\/svg\" viewBox=\"0 0 64 8\" preserveAspectRatio=\"none\" width=\"100%\" height=\"100%\">\r\n\t<path fill=\"currentColor\" d=\"M64 8 L0 8 L0 0 L64 0 Z\"\/>\r\n<\/svg><\/div><div class=\"l-section-h i-cf\"><div class=\"g-cols vc_row via_grid cols_1 laptops-cols_inherit tablets-cols_inherit mobiles-cols_1 valign_top type_default stacking_default\"><div class=\"wpb_column vc_column_container\"><div class=\"vc_column-inner\"><div class=\"g-cols wpb_row us_custom_0039e63c via_grid cols_1 laptops-cols_inherit tablets-cols_1 mobiles-cols_1 valign_middle type_default\" style=\"--columns-gap:0.9rem;\"><div class=\"wpb_column vc_column_container\"><div class=\"vc_column-inner\"><h1 class=\"w-text us_custom_d3db7169\"><span class=\"w-text-h\"><span class=\"w-text-value\">Biz Kimiz?<br \/>\nNeler Yap\u0131yoruz?<\/span><\/span><\/h1><div class=\"wpb_text_column us_custom_432d3f53\"><div class=\"wpb_wrapper\"><p data-start=\"147\" data-end=\"549\"><strong data-start=\"147\" data-end=\"180\">BT Ev \u00dcr\u00fcnleri Tic. Ltd. \u015eti.<\/strong>, mutfak e\u015fyalar\u0131ndan cam \u00fcr\u00fcnlerine, k\u00fc\u00e7\u00fck ev aletlerinden dekoratif par\u00e7alara kadar geni\u015f \u00fcr\u00fcn yelpazesiyle ya\u015fam alanlar\u0131na estetik, kalite ve i\u015flevsellik kazand\u0131rmak amac\u0131yla kurulmu\u015ftur.<br data-start=\"371\" data-end=\"374\" \/>Yeni bir marka olmas\u0131na ra\u011fmen, sekt\u00f6rdeki bilgi birikimi ve g\u00fc\u00e7l\u00fc tedarik a\u011f\u0131 sayesinde m\u00fc\u015fterilerine g\u00fcvenilir, yenilik\u00e7i ve s\u00fcrd\u00fcr\u00fclebilir \u00e7\u00f6z\u00fcmler sunmay\u0131 hedeflemektedir.<\/p>\n<p data-start=\"551\" data-end=\"855\">BT Ev \u00dcr\u00fcnleri olarak, evlerin en \u00f6zel alan\u0131 olan mutfaklarda kaliteyi ula\u015f\u0131labilir k\u0131lmak, her zevke ve ihtiyaca hitap eden modern tasar\u0131mlarla kullan\u0131c\u0131 memnuniyetini en \u00fcst seviyeye ta\u015f\u0131mak \u00f6nceli\u011fimizdir.<br data-start=\"759\" data-end=\"762\" \/>\u00dcr\u00fcnlerimiz dayan\u0131kl\u0131l\u0131k, zarafet ve pratik kullan\u0131m ilkeleri g\u00f6zetilerek titizlikle se\u00e7ilir.<\/p>\n<p data-start=\"857\" data-end=\"1076\">Kurumsal yap\u0131m\u0131z, yenilik\u00e7i yakla\u015f\u0131m\u0131m\u0131z ve m\u00fc\u015fteri odakl\u0131 hizmet anlay\u0131\u015f\u0131m\u0131zla sekt\u00f6rde kal\u0131c\u0131 bir marka de\u011feri olu\u015fturmay\u0131 ama\u00e7l\u0131yoruz.<br data-start=\"994\" data-end=\"997\" \/><strong data-start=\"997\" data-end=\"1076\">BT Ev \u00dcr\u00fcnleri Tic. Ltd. \u015eti. \u2014 Kalite, g\u00fcven ve esteti\u011fin bulu\u015fma noktas\u0131.<\/strong><\/p>\n<\/div><\/div><div class=\"w-separator size_small\"><\/div><div class=\"w-hwrapper valign_middle wrap align_center\" style=\"--hwrapper-gap:3rem\"><div class=\"w-vwrapper align_none valign_middle\"><div class=\"w-btn-wrapper default_align_none laptops_align_none tablets_align_none mobiles_align_justify\"><a class=\"w-btn us-btn-style_1 us_custom_b4198c51 open-popup\" href=\"http:\/\/www.yedekleme.site\/btev\/iletisim\/\"><span class=\"w-btn-label\">\u0130LET\u0130\u015e\u0130M<\/span><\/a><\/div><\/div><div class=\"w-vwrapper align_none valign_top\" style=\"--vwrapper-gap:0rem\"><div class=\"w-text us_custom_9de87d4e\"><span class=\"w-text-h\"><span class=\"w-text-value\">Bize Ula\u015f\u0131n!<\/span><\/span><\/div><div class=\"w-text us_custom_101494ca has_text_color\"><a href=\"tel:+905323864029\" class=\"w-text-h\"><span class=\"w-text-value\">+90 532 386 40 29<\/span><\/a><\/div><\/div><\/div><\/div><\/div><\/div><\/div><\/div><\/div><\/div><\/section>\n","protected":false},"excerpt":{"rendered":"Biz Kimiz? Neler Yap\u0131yoruz? BT Ev \u00dcr\u00fcnleri Tic. Ltd. \u015eti., mutfak e\u015fyalar\u0131ndan cam \u00fcr\u00fcnlerine, k\u00fc\u00e7\u00fck ev aletlerinden dekoratif par\u00e7alara kadar geni\u015f \u00fcr\u00fcn yelpazesiyle ya\u015fam alanlar\u0131na estetik, kalite ve i\u015flevsellik kazand\u0131rmak amac\u0131yla kurulmu\u015ftur.Yeni bir marka olmas\u0131na ra\u011fmen, sekt\u00f6rdeki bilgi birikimi ve g\u00fc\u00e7l\u00fc tedarik a\u011f\u0131 sayesinde m\u00fc\u015fterilerine g\u00fcvenilir, yenilik\u00e7i ve s\u00fcrd\u00fcr\u00fclebilir \u00e7\u00f6z\u00fcmler sunmay\u0131 hedeflemektedir. BT Ev \u00dcr\u00fcnleri...","protected":false},"author":1,"featured_media":0,"parent":0,"menu_order":0,"comment_status":"closed","ping_status":"closed","template":"","meta":{"footnotes":""},"class_list":["post-20","page","type-page","status-publish","hentry"],"_links":{"self":[{"href":"http:\/\/www.yedekleme.site\/btev\/wp-json\/wp\/v2\/pages\/20","targetHints":{"allow":["GET"]}}],"collection":[{"href":"http:\/\/www.yedekleme.site\/btev\/wp-json\/wp\/v2\/pages"}],"about":[{"href":"http:\/\/www.yedekleme.site\/btev\/wp-json\/wp\/v2\/types\/page"}],"author":[{"embeddable":true,"href":"http:\/\/www.yedekleme.site\/btev\/wp-json\/wp\/v2\/users\/1"}],"replies":[{"embeddable":true,"href":"http:\/\/www.yedekleme.site\/btev\/wp-json\/wp\/v2\/comments?post=20"}],"version-history":[{"count":0,"href":"http:\/\/www.yedekleme.site\/btev\/wp-json\/wp\/v2\/pages\/20\/revisions"}],"wp:attachment":[{"href":"http:\/\/www.yedekleme.site\/btev\/wp-json\/wp\/v2\/media?parent=20"}],"curies":[{"name":"wp","href":"https:\/\/api.w.org\/{rel}","templated":true}]}}